f(q) = 3*q - 15. Let a be f(5). Suppose a = 7*c - 75 - 37. What is the greatest common divisor of 128 and c?
16
Suppose 30*z - 760 = 2540. What is the highest common factor of 385 and z?
55
Let b(m) = 5*m + 33. Let o be b(-6). Suppose -o = 4*f - 51. Suppose -70 = 4*y - 166. Calculate the highest common divisor of f and y.
12
Let b(f) = 1 - 5*f**2 - 4*f - 7*f**2 + 13*f**2. Let m be b(4). Calculate the highest common factor of 11 and m.
1
Let l = 18 + 18. Let t be ((-2)/3)/((-8)/324). Calculate the highest common divisor of l and t.
9
Suppose 5*p = -5*u + 205, 5*p - 237 = 2*u - 67. Calculate the greatest common divisor of p and 252.
36
Let y(k) = -10*k + 2. Let n be y(-1). Let c = n + 48. Let x(d) = 21*d**2 - 1. Let h be x(1). What is the highest common divisor of h and c?
20
Let n(g) = 2*g**3 + g**2 - 1. Let v be n(1). Suppose -p = v*w - 9 - 13, 0 = 5*w + 5. Calculate the greatest common divisor of 12 and p.
12
Suppose 302 = 5*x - j, -6*j + 9*j + 246 = 4*x. Calculate the greatest common divisor of x and 10.
10
Suppose 16*s - 776 = -8. Let r = -13 - -1. Let t be (-1 - 3/r)*-160. What is the highest common divisor of t and s?
24
Let x = 13 - 8. Suppose 3*n + 0 = k + x, -11 = 3*n - 5*k. Let y be n*(-3 - (-3 + -2)). Calculate the greatest common factor of 12 and y.
6
Let h(f) = -f**3 + 13*f**2 - 4*f + 5. Let a be h(4). Suppose -6*y = -13*y + a. What is the highest common divisor of y and 133?
19
Suppose 0 = 2*t + 4, 0 = m - 2*t - 30 + 21. Calculate the highest common divisor of 1570 and m.
5
Let g = -91 + 217. Let u(o) = -o**3 + 18. Let c = -8 + 8. Let y be u(c). Calculate the greatest common factor of y and g.
18
Let y(h) = h**2 + 4*h - 5. Let n be y(-6). Suppose 186 = n*u - 66. Calculate the greatest common factor of u and 4.
4
Suppose 5*t - 693 = 4*r + 289, 2*r = -4*t + 796. What is the greatest common divisor of 330 and t?
66
Let n be -2 - 79/(-4) - (-4)/16. Suppose 0 = -4*m + m + n. Calculate the greatest common divisor of 66 and m.
6
Let c = -375 + 831. Calculate the highest common factor of c and 57.
57
Suppose -3 = -2*a - 5. Let h be (0 - a)/((-12)/(-132)). What is the highest common divisor of 33 and h?
11
Let b be (2 - 20/(-15))*45. Let w(s) = -4*s - 3. Let z be w(-2). Suppose d = z*d - 12, -5*t - 2*d + 156 = 0. What is the highest common factor of b and t?
30
Suppose 0*a - 954 = -9*a. What is the greatest common factor of a and 159?
53
Let h(l) = -30*l + 14. Let b be h(-8). Suppose -3*y = 2*s - b, 0 = 3*y - s - 148 - 94. Calculate the greatest common factor of y and 41.
41
Let y be -2 - (-75)/12 - 3/12. Suppose 361 = y*w - 607. Let x be (2/5)/((-2)/(-110)). What is the highest common factor of w and x?
22
Let m = 18 - -1. Let c = 830 - 825. Suppose m + c = g. What is the greatest common divisor of 12 and g?
12
Let w = -29 - -29. Suppose 4*o + 3*o - 147 = w. What is the greatest common factor of 14 and o?
7
Let q be 2 - (-6 + 40)*(-4 + 2). Suppose 1 = -w + 6. Suppose p + 16 + 55 = w*r, p = -1. Calculate the highest common factor of r and q.
14
Suppose -2*r - 234 = -2*z, 3*r = -2*z + 161 + 78. Let l = z + -110. What is the highest common factor of l and 128?
8
Suppose 0 = -2*n + 4*n - 8. Suppose 11*p + 49 = 203. What is the highest common divisor of p and n?
2
Let n = 499 - -29. Suppose 0 = 11*i - 10*i + 1. Let h be n/30*(i + 6). Calculate the highest common divisor of 11 and h.
11
Let y = 24 + -12. Suppose -y = -z - 0*z. Suppose 3*h - 10 + 3 = n, 4*n - 4*h - 12 = 0. What is the greatest common divisor of n and z?
4
Let h be (-6)/((-2 - -1) + 0). Let b be 26/(3 - (-28)/(-8)). Let s = b - -55. What is the highest common divisor of s and h?
3
Suppose -95 = 3*f - 11. Let g = 39 + f. What is the highest common divisor of g and 55?
11
Suppose 0*d = 2*d - 362. Let c = d - 121. What is the greatest common factor of 12 and c?
12
Suppose 0 = 3*w - 0*w - 9. Suppose 3 - 18 = -w*u. Suppose 250 = u*v - 0*v. What is the highest common divisor of 10 and v?
10
Let z be 1/2 - (-7)/(-14). Suppose -2*o - 3*o + 10 = z. Suppose -o*g + 7 = 5*y - 6, 5*g - 24 = -4*y. What is the highest common factor of 4 and y?
1
Suppose 3*c - 102 = -v, 3 = 78*c - 79*c. What is the greatest common factor of 407 and v?
37
Let s(p) = p**2 + 28*p + 138. Let o be s(-23). What is the highest common factor of o and 299?
23
Let f(i) be the second derivative of -7*i**4/2 - i**3/6 + i**2/2 - i. Let w be f(-2). Let h be w*2*1/(-6). Calculate the greatest common factor of 11 and h.
11
Let j(i) = -i**2 + 12*i + 30. Let r be j(11). What is the greatest common factor of 574 and r?
41
Let d = 75 + -30. Let u = 109 - d. Let f = -25 - -41. What is the highest common divisor of f and u?
16
Let s = 1419 + -951. What is the greatest common divisor of s and 9?
9
Suppose 1058 = 10*f + 148. Let q(v) = v + 4. Let t be q(-2). Suppose -5*m = -t*m - 39. Calculate the highest common divisor of m and f.
13
Let w(h) = 3*h**2 - 5*h - 2. Let t be w(4). Calculate the greatest common divisor of t and 247.
13
Let b(u) = u - 9. Let a be b(9). Suppose a = 3*p + 33 - 123. Suppose 3*q - 2*q = 10. Calculate the greatest common factor of q and p.
10
Suppose 2*l - 3*l - 3*m + 274 = 0, 3*l = m + 772. Suppose -5*f = 3*d - 393, l = -0*f + 3*f - 4*d. Calculate the greatest common factor of 9 and f.
9
Let n(o) = o**3 - 22*o**2 + 47*o - 50. Let y be n(20). What is the highest common factor of 390 and y?
30
Suppose 4*y = 16*y - 720. Calculate the highest common factor of 36 and y.
12
Let a(c) be the first derivative of -c**2/2 + 7*c - 17. Let t be a(-11). Calculate the greatest common divisor of t and 162.
18
Suppose -27*y + 30*y = 12. Suppose 2*b - 20 = 68. Calculate the greatest common divisor of b and y.
4
Let t = -9 - -9. Let i be (-4 - -8) + (-1 - t). Suppose b = -2*b - 4*m + 93, m + 105 = 4*b. Calculate the greatest common divisor of b and i.
3
Let m = 17 - 10. Suppose m*s - 2*s - 255 = 0. Let x = -35 + s. Calculate the greatest common divisor of x and 32.
16
Suppose -27 = -3*l + 51. Let m = -88 - -127. Calculate the greatest common factor of l and m.
13
Suppose -4*s + 242 - 22 = 0. Suppose 15 = -104*l + 107*l. Let y be 9 + -2 + 3 - l. What is the greatest common factor of s and y?
5
Let u be -1*12*(-5 + (-16)/(-6)). Calculate the greatest common divisor of u and 238.
14
Let h = -93 + 102. Suppose -70 = 4*k - h*k. Let w(l) = l**2 + 14. Let i be w(0). What is the greatest common factor of i and k?
14
Let l be 47 - ((-10)/3)/((-2)/3). Calculate the greatest common divisor of l and 126.
42
Let n = -296 + 456. Let u = 6 + 34. Calculate the highest common divisor of n and u.
40
Let u = 48 + -24. Suppose u*m = 19*m + 270. Calculate the greatest common divisor of 81 and m.
27
Let j be 2 + (-98)/(-12) - (-1)/(-6). Suppose 3*o - 86 = c, -11*c + j*c = 3*o - 94. What is the greatest common divisor of o and 70?
10
Let k = 33 + -34. Let j be 5/(k + (1 - 10/(-4))). Calculate the highest common factor of j and 2.
2
Let t be 17/2*12/3. Suppose -15*h + 1064 = -h. Let n = h - t. Calculate the highest common divisor of n and 105.
21
Let f be 15 + 2 + 1*-1. Suppose 493*y + 2*q = 491*y + 6, 5*y - 18 = -2*q. What is the highest common factor of y and f?
4
Let a be ((-283)/(-2) - -3) + (-9)/18. What is the highest common factor of a and 18?
18
Let x = 38 - 20. Let o = 262 + -136. Calculate the greatest common factor of x and o.
18
Let w be 1/(-8) - (-4)/((-64)/(-210)). Let t = -9 + 2. Let a = t + 20. What is the greatest common divisor of a and w?
13
Let x(l) = 7*l**3 - 3 - 9*l**3 + 3 - 6*l**2 - 2*l. Let y be x(-4). Calculate the greatest common factor of y and 10.
10
Let g(h) = 71*h**3 - 3*h**2 + h + 1. Let t be g(1). Calculate the greatest common factor of t and 56.
14
Suppose -12274 = 215*b - 234*b. What is the highest common factor of b and 68?
34
Let l = 100 - 43. Let k = -21 + l. Suppose -n + 9 = -0*n. Calculate the greatest common factor of k and n.
9
Let z(t) = 2*t**2 - 42*t + 241. Let x be z(14). What is the greatest common factor of 162 and x?
9
Let j = -62 + 65. What is the greatest common factor of 6 and j?
3
Let r be ((-4)/((-20692)/(-5174) - 4))/2. What is the highest common divisor of r and 13?
13
Let h(q) = -10*q - 5. Suppose p - d + 1 = -6, 5*d = -3*p + 19. Let r be h(p). Let o = r - -80. What is the highest common factor